)?
4
Let m(z) = z**3 - 3*z**2 - 2*z. Let g be m(3). Suppose -2*u = -6*u + 44. Let v = u + g. What is the units digit of v?
5
What is the units digit of -3 + 283 + 15/5?
3
Let t(u) = u**2 + 7*u - 5. Let m be 25/(-3) + (-6)/(-18). Let n be t(m). Suppose -6 = -6*f + n*f. What is the units digit of f?
2
Let w(t) = -t**2 + 12*t + 4. Let r be w(10). Suppose 3*b + 4*f - 17 - r = 0, -b = 5*f - 10. What is the tens digit of b?
1
Suppose -2*d + 3*d - 60 = 0. What is the tens digit of d?
6
Let c(t) = t**3 - t**2 + 2*t - 2. Let u be c(2). What is the units digit of (u/(-4))/((-6)/16)?
4
Suppose -109 = -3*l + 323. What is the hundreds digit of l?
1
Let d = 2 + -2. Suppose -4*v + 1 - 9 = d. What is the units digit of (v/(-6))/(1/6)?
2
Let a(n) = 292*n**3 + n**2 + n - 1. What is the tens digit of a(1)?
9
Let f(q) = q**2 - 5*q - 6. Let a be f(6). What is the units digit of -1 + 3 - a/(-2)?
2
Let g be (-3)/1*(0 + 7). What is the units digit of 9/g - 356/(-14)?
5
Let s = 16 - 11. Suppose -s*u - c = -35 - 15, u + 16 = 5*c. What is the units digit of u?
9
Let c(v) = -v**3 + 6*v**2 + 7*v. What is the tens digit of c(3)?
4
Let t be 690/25 - 2/(-5). Let p = -49 + t. What is the units digit of 4/(-14) + (-111)/p?
5
Suppose -3*k - 58 = g - 181, 0 = 2*g - 3*k - 228. What is the units digit of g?
7
Suppose -x + 6*x = 1590. What is the tens digit of x?
1
Suppose 0 = 5*v + 3*m - 3, 5*v - 2*m - 6 = 17. Suppose v*x + 1 = 4*x. What is the units digit of x?
1
Let f = 9 + 13. What is the tens digit of f?
2
Let b(o) = o**3 - 2*o**2 - o - 2. Let w be b(3). Suppose w*r = r + 36. What is the units digit of r?
2
Let v(t) = -t**3 + 5*t**2 + 6*t - 3. What is the tens digit of v(-3)?
5
Let c(g) = 8*g - 1. Let l(x) = 9*x - 1. Let t(a) = 5*c(a) - 4*l(a). What is the tens digit of t(3)?
1
Suppose -6 + 27 = -4*k - 3*x, -3*x = -5*k - 60. Let u(o) = 21*o**3. Let y be u(-1). Let l = k - y. What is the tens digit of l?
1
Let i(g) = -g + 1. Let h be i(-3). Let o = h - 2. What is the units digit of (2 - 0)*7/o?
7
Let j(f) = 6*f + 6. Let m be j(8). Suppose -5*v = -1 - m. What is the units digit of v?
1
Suppose 0 = 3*j - 8*j + 395. Suppose 0 = -2*a + 2*b + 38, -a - 4*a = 3*b - j. Suppose 2*d = 5*m - 18 - 19, 2*d = -m + a. What is the units digit of m?
9
Let n be ((-15)/25)/((-2)/90). Suppose 0 = -2*j - 5 + n. What is the tens digit of j?
1
Suppose 0*z = -2*w + 3*z + 82, 126 = 3*w - 3*z. What is the tens digit of w?
4
Suppose -5*h = c - 11, -h + 4*h = -c + 7. Let p = 9 - h. What is the units digit of p?
7
Let z(h) = h - 1. What is the units digit of z(5)?
4
Let c(n) = -n + 12. Suppose -2*o + 2 = 4*f, -36 = -3*o + 2*f - 1. Let p be c(o). Suppose 5*b - 37 = p. What is the units digit of b?
8
Let a(w) = -w**2 - 7*w - 1. Let m be a(-5). Let f = m + -4. What is the units digit of f?
5
Let f(t) = -t**3 + t + 15. Let v be f(0). Suppose p - v = 9. What is the units digit of p?
4
Let k(q) be the first derivative of -q**3/3 - 7*q**2/2 - 7*q - 3. Let a be k(-5). Suppose a*f - 4*o - 14 = 0, 3*o = 4*f - o - 20. What is the units digit of f?
6
Let d(u) = -u**2 - 8*u - 3. What is the units digit of d(-6)?
9
Let x(y) = -y**3 - 4*y**2 + 5*y + 6. Let t be x(-5). Suppose -3*n + n = -t. What is the units digit of 3/(n/5) - 2?
3
Let h(k) = -k**3 + 4*k**2 - 2*k + 3. Let n be h(3). Let v(b) = b**3 - 7*b**2 + 6*b + 3. What is the units digit of v(n)?
3
Let k = -2 - -7. Suppose -k = 5*u, 2*p - 2*u = 6*p + 58. Let v = p - -22. What is the units digit of v?
8
Suppose 4*k + 5*u - 409 = -0*u, 298 = 3*k + 2*u. What is the tens digit of k?
9
Let h(z) = -6 - z**2 + 0 + 2 + 7*z. Let x be h(6). Suppose 4 = -3*m + 1, -x*l + 3*m = -15. What is the units digit of l?
6
What is the tens digit of 2/(-6) - 1278/(-27)?
4
Suppose u - 15 = 2*p, 12 = -0*u + 2*u + 2*p. Let g = u + -3. What is the units digit of g?
6
Suppose 0 = 5*a - 4*a - 19. Suppose -4*i = -5*m - 5, 2*i = -0*i - 3*m + a. Suppose -h - 3*c = 7, -2*h - i*c - 5 = 6. What is the units digit of h?
2
Suppose -3*v + 111 = -45. What is the units digit of v?
2
Let q = -6 + 12. Suppose 5*o - 31 = 2*t, q*o - 5 = o. Let n = t + 22. What is the units digit of n?
9
Let w = -2 - -4. Let l = 2 + 1. Suppose -5*i + w*x - l*x = -53, -5*i + 4*x = -38. What is the tens digit of i?
1
Let z(w) = 3*w**2 + 7*w + 4. What is the tens digit of z(-5)?
4
Let v = 440 + -292. What is the tens digit of v?
4
Suppose 4*k - 221 = -x, 186 = x - k - 25. What is the hundreds digit of x?
2
Suppose 0 = 5*z + 4*k - 54, 0*k + 34 = 3*z + 2*k. Suppose -3*n = -4*n + z. What is the tens digit of n?
1
What is the units digit of ((-10)/7)/(23/(-322))?
0
Let i be 10/2*(-3)/(-3). Suppose 2*s + 4*u + 10 = 0, -5*s = 2*u - i*u - 27. What is the units digit of s?
3
Let b(z) = -2*z + 1. Suppose 3*c - c = 30. Let h be 2/(-3) - 5/c. What is the units digit of b(h)?
3
Let u be (0 - -3) + 0 + 0. Suppose u*k - 15 = -3*l, l = -3*l - 16. Suppose -4*g = -3 - k. What is the units digit of g?
3
Let m = -29 + 41. Suppose -w = -2*w + m. What is the tens digit of w?
1
Let t be (-360)/(-3)*(-4)/(-10). Suppose 6 = 3*z - t. What is the tens digit of z?
1
Suppose q = 5*j + 15, 3*q - 33 = -0*q + 3*j. What is the units digit of (12/(-8))/((-3)/q)?
5
Suppose 4*t = 199 + 189. What is the units digit of t?
7
Let v = -64 + 80. What is the tens digit of v?
1
Suppose -3*h = -15 - 72. Let u = h + -14. What is the units digit of u?
5
Suppose 32*h - 35*h + 54 = 0. What is the units digit of h?
8
Let j(a) = 7*a + 9. What is the units digit of j(8)?
5
Let p(o) = -o**3 - 10*o**2 - 9*o + 2. Let w be p(-9). Suppose 2*r = -2*r - 16, -w*n = -r - 18. What is the units digit of n?
7
Suppose -14*b + 4*b = -690. What is the units digit of b?
9
Let h be 4 + -1 - (-114)/6. Suppose l - 5*l + h = 3*b, 29 = 5*b - l. What is the units digit of b?
6
Suppose -2*z + 16 = 2*z. Suppose -12 = z*a - 5*a. What is the units digit of a?
2
What is the units digit of ((-17)/(-34))/(1/8)?
4
Let y = 16 + -8. What is the units digit of y?
8
Let v be -1 - -6 - (4 - 5). Let x(q) = q**2 - 6*q + 8. Let a be x(v). Suppose 2*t + a = -0*h + 2*h, -2*h + 6 = -t. What is the units digit of h?
2
Let r(o) = 61*o**3 - 4*o**2 + 13*o - 2. Let k(h) = -31*h**3 + 2*h**2 - 6*h + 1. Let p(s) = -9*k(s) - 4*r(s). What is the units digit of p(1)?
4
Let m(h) = 19 - h**2 + h + 2*h**3 - 7*h**2 - 3*h**3. What is the units digit of m(-8)?
1
Suppose 5*c - 130 = -5*x, 158 = 5*x + 4*c + 28. What is the units digit of x?
6
Let p be -4 + -2 + 4 + 6. Let f = 8 - 6. Suppose 0 = 5*x - p*c - 52, -5*x - 4*c - f + 30 = 0. What is the units digit of x?
8
Let c = 64 + 31. What is the units digit of c?
5
Suppose 0 = -5*w - 0*w + 65. What is the tens digit of w?
1
Suppose 259 = 2*t + 3*g, 2*t - 5*g - 73 = 162. What is the hundreds digit of t?
1
Let p(w) = -w**3 - 6*w**2 + 10*w + 9. Let o be p(-7). What is the tens digit of (-514)/o + 9/54?
4
Suppose 0 = -r + 6 + 6. What is the units digit of r?
2
Suppose -3 + 39 = 2*v. What is the units digit of (-6)/v - (-50)/6?
8
Let b = 496 + -350. What is the tens digit of b?
4
Suppose -5*t - 3*g + 9 = 0, -3 = t - 2*g + 3. Let r be 2/(-10) + 44/20. Suppose y - r*y + 8 = t. What is the units digit of y?
8
Let f be 152/26 + (-4)/(-26). Suppose -f*o + 4*o + 12 = 2*i, i = o + 4. Suppose 4*x - 3*x + 14 = w, 47 = 4*w + i*x. What is the units digit of w?
3
Let f(i) = i + 3. Let h be f(3). What is the units digit of h - (0 - 1)*2?
8
Let r(a) = 52*a**3 - a**2 + 2*a - 1. Let l be r(1). Suppose -4*v + l = -0*v. Let z = v - 5. What is the units digit of z?
8
Let q(h) be the second derivative of -h**3/6 + 5*h**2/2 + 2*h. Let s be q(0). Suppose -3*n = -2*r + 18, 5*r - s*n = 41 - 1. What is the units digit of r?
6
Suppose 8*j = 4*j - 4*b + 28, 3*j + 4*b = 18. Let o be ((-8)/j)/(2/(-5)). Suppose -1 = -w - 3*y, o*w + 3*w - y - 53 = 0. What is the tens digit of w?
1
Let d = -23 + 41. Suppose -12 = -j + d. What is the tens digit of j?
3
Let x(p) = -p - 2. Suppose -4*k + 76 = 4*i, -k + 5*i = -0*k - 37. Let q be k/(-4) + 2/4. What is the units digit of x(q)?
3
Suppose 2*y = q + 5, 6*q - q = -5*y - 25. Let x(f) = 12*f + y - 10*f**2 + f**3 - 1 - 2*f. What is the units digit of x(9)?
8
Let g be (-21)/(-4) + (-1)/4. Let l be (7 - -1)/((-6)/(-3)). Suppose p = -l*p + g. What is the units digit of p?
1
Let p(s) = -s